{"version":"1.0","provider_name":"Birgit Itse - Be Inspired","provider_url":"https:\/\/www.birgit-itse.com\/et","title":"\uff17saavutust ja seiklust - Birgit Itse - Be Inspired","type":"rich","width":600,"height":338,"html":"<blockquote class=\"wp-embedded-content\" data-secret=\"siiC4eZ7Ce\"><a href=\"https:\/\/www.birgit-itse.com\/et\/%ef%bc%97saavutust-ja-seiklust\/\">\uff17saavutust ja seiklust<\/a><\/blockquote><iframe sandbox=\"allow-scripts\" security=\"restricted\" src=\"https:\/\/www.birgit-itse.com\/et\/%ef%bc%97saavutust-ja-seiklust\/embed\/#?secret=siiC4eZ7Ce\" width=\"600\" height=\"338\" title=\"&#8220;\uff17saavutust ja seiklust&#8221; &#8212; Birgit Itse - Be Inspired\" data-secret=\"siiC4eZ7Ce\" frameborder=\"0\" marginwidth=\"0\" marginheight=\"0\" scrolling=\"no\" class=\"wp-embedded-content\"><\/iframe><script>\n\/*! This file is auto-generated *\/\n!function(d,l){\"use strict\";l.querySelector&&d.addEventListener&&\"undefined\"!=typeof URL&&(d.wp=d.wp||{},d.wp.receiveEmbedMessage||(d.wp.receiveEmbedMessage=function(e){var t=e.data;if((t||t.secret||t.message||t.value)&&!\/[^a-zA-Z0-9]\/.test(t.secret)){for(var s,r,n,a=l.querySelectorAll('iframe[data-secret=\"'+t.secret+'\"]'),o=l.querySelectorAll('blockquote[data-secret=\"'+t.secret+'\"]'),c=new RegExp(\"^https?:$\",\"i\"),i=0;i<o.length;i++)o[i].style.display=\"none\";for(i=0;i<a.length;i++)s=a[i],e.source===s.contentWindow&&(s.removeAttribute(\"style\"),\"height\"===t.message?(1e3<(r=parseInt(t.value,10))?r=1e3:~~r<200&&(r=200),s.height=r):\"link\"===t.message&&(r=new URL(s.getAttribute(\"src\")),n=new URL(t.value),c.test(n.protocol))&&n.host===r.host&&l.activeElement===s&&(d.top.location.href=t.value))}},d.addEventListener(\"message\",d.wp.receiveEmbedMessage,!1),l.addEventListener(\"DOMContentLoaded\",function(){for(var e,t,s=l.querySelectorAll(\"iframe.wp-embedded-content\"),r=0;r<s.length;r++)(t=(e=s[r]).getAttribute(\"data-secret\"))||(t=Math.random().toString(36).substring(2,12),e.src+=\"#?secret=\"+t,e.setAttribute(\"data-secret\",t)),e.contentWindow.postMessage({message:\"ready\",secret:t},\"*\")},!1)))}(window,document);\n\/\/# sourceURL=https:\/\/www.birgit-itse.com\/wp-includes\/js\/wp-embed.min.js\n<\/script>","description":"Haar ja mina L\u00f5ppev n\u00e4dal on t\u00f5epoolest toonud nii saavutusi kui ka seiklusi. Kas neid just seitse oli, kindlasti oli rohkem, aga numbriliselt lihtsalt hea kokku v\u00f5tta. Siin jaanip\u00e4eva ei t\u00e4histata, ja isegi p\u00f6\u00f6rip\u00e4eva t\u00e4histamisest suurem p\u00fcha on isadep\u00e4ev, mis on siin juuni III p\u00fchap\u00e4ev. Seega oli terve eelmine n\u00e4dal t\u00e4ispikk kooli-ja t\u00f6\u00f6n\u00e4dal. Kool l\u00f5peb [&hellip;]","thumbnail_url":"https:\/\/1.bp.blogspot.com\/-mClFANmQYIU\/Xviegu6zSzI\/AAAAAAAAO_s\/zuuoYtBA_B09vuDIzhUh5MG3i0dTO1N4QCLcBGAsYHQ\/s320\/20200627_115708.jpg"}

Haar ja mina Lõppev nädal on tõepoolest toonud nii saavutusi kui ka seiklusi. Kas neid just seitse oli, kindlasti oli rohkem, aga numbriliselt lihtsalt hea kokku võtta. Siin jaanipäeva ei tähistata, ja isegi pööripäeva tähistamisest suurem püha on isadepäev, mis on siin juuni III pühapäev. Seega oli terve eelmine nädal täispikk kooli-ja töönädal. Kool lõpeb [&hellip;]
